{"id":205,"date":"2024-12-18T21:26:05","date_gmt":"2024-12-18T21:26:05","guid":{"rendered":"https:\/\/mettehejn.dk\/?page_id=205"},"modified":"2024-12-19T09:53:29","modified_gmt":"2024-12-19T09:53:29","slug":"samarbejder-og-oplaeg","status":"publish","type":"page","link":"https:\/\/mettehejn.dk\/index.php\/samarbejder-og-oplaeg\/","title":{"rendered":"Samarbejder og Opl\u00e6g"},"content":{"rendered":"\n<p>Hvis du vil lave et samarbejde, \u00f8nsker et inspirationsopl\u00e6g, en workshop eller et science-formidlings-show i din institution eller p\u00e5 din arbejdsplads &#8211; s\u00e5 kontakt mig endelig for et tilbud!<\/p>\n\n\n\n<div style=\"height:5px\" aria-hidden=\"true\" class=\"wp-block-spacer\"><\/div>\n\n\n\n<p>Se eksempler p\u00e5 formidlings-show <a href=\"https:\/\/mettehejn.dk\/index.php\/eksempler-paa-workshops\/\" data-type=\"link\" data-id=\"https:\/\/mettehejn.dk\/index.php\/eksempler-paa-workshops\/\">her<\/a> <\/p>\n\n\n\n<div style=\"height:5px\" aria-hidden=\"true\" class=\"wp-block-spacer\"><\/div>\n\n\n\n<p>\u00d8nsker du at booke mig til din arbejdsplads, s\u00e5 vil et opl\u00e6g altid indeholde handson-aktiviteter og lidt leg &#8211; alt andet planl\u00e6gger vi sammen.<\/p>\n\n\n\n<div style=\"height:130px\" aria-hidden=\"true\" class=\"wp-block-spacer\"><\/div>\n\n\n\n<p class=\"has-text-align-center\"><em>Mette har v\u00e6ret en meget v\u00e6rdifuld sparringspartner i udviklingen af undervisningsmaterialet &#8220;Bliv Klog p\u00e5 Klimavenlige Vaner&#8221;. Hun har b\u00e5de bidraget med stor praksisviden inden for undervisning samt innovative id\u00e9er til nye undervisningselementer. Mette er dygtig didaktisk og har leveret et v\u00e6rdifuldt perspektiv p\u00e5 m\u00e5lgrupperne, som omfatter elever og l\u00e6rere. <\/em>Stefan, CONCITO<\/p>\n\n\n\n<div style=\"height:130px\" aria-hidden=\"true\" class=\"wp-block-spacer\"><\/div>\n\n\n\n<h3 class=\"wp-block-heading\">Kommende samarbejder<\/h3>\n\n\n\n<p>2025, <strong>CONCITO<\/strong>: Elevens undren som metode i klimaundervisningen. Se mere <a href=\"https:\/\/concito.dk\/nyheder\/lancering-ny-groen-vidensbank-til-undervisere\">her<\/a><\/p>\n\n\n\n<p>2025, <strong>Big Bang<\/strong>: Paneldebatdeltager. Se mere <a href=\"https:\/\/bigbangkonferencen.dk\/session\/skab-begejstring-haab-og-handlekompetence-i-undervisningen-om-en-usikker-fremtid\/\" data-type=\"link\" data-id=\"https:\/\/bigbangkonferencen.dk\/session\/skab-begejstring-haab-og-handlekompetence-i-undervisningen-om-en-usikker-fremtid\/\">her<\/a><\/p>\n\n\n\n<p>2025, <strong>Blixen Klub S\u00f8nders\u00f8<\/strong>: Undringsorienteret undervisning, hvor unders\u00f8gelsesprocessen st\u00e5r i centrum for motivation og l\u00e6ring. Se mere <a href=\"https:\/\/soendersoe.blixenklub.dk\/moeder\/undringsmodellen\/\" data-type=\"link\" data-id=\"https:\/\/soendersoe.blixenklub.dk\/moeder\/undringsmodellen\/\">her<\/a><\/p>\n\n\n\n<div style=\"height:40px\" aria-hidden=\"true\" class=\"wp-block-spacer\"><\/div>\n\n\n\n<h3 class=\"wp-block-heading has-text-align-left\">Tidligere samarbejder<\/h3>\n\n\n\n<h4 class=\"wp-block-heading\">Opl\u00e6g<\/h4>\n\n\n\n<p>2024, <strong>ScienceOnStage<\/strong>, Finland: Send Andreas Mogensen i kredsl\u00f8b<\/p>\n\n\n\n<p>2024, <strong>Big Bang<\/strong>: Lav undervisning med afs\u00e6t i elevernes egne undringer<\/p>\n\n\n\n<p>2024, <strong>CONCITO<\/strong>: Klimaundervisning i klasselokalet<\/p>\n\n\n\n<p>2023, <strong>CONCITO<\/strong>: Elevinddragelse<\/p>\n\n\n\n<p>2022, <strong>CONCITO<\/strong>: Hvorfor inddrage elevers egne undringer?<\/p>\n\n\n\n<div style=\"height:10px\" aria-hidden=\"true\" class=\"wp-block-spacer\"><\/div>\n\n\n\n<h4 class=\"wp-block-heading\">Workshops<\/h4>\n\n\n\n<p>2024, <strong>Greve Kommune<\/strong>: Inspirationsworkshop om undringsorienteret natur- og teknologiundervisning.<\/p>\n\n\n\n<div style=\"height:130px\" aria-hidden=\"true\" class=\"wp-block-spacer\"><\/div>\n\n\n\n<h3 class=\"wp-block-heading\">Priser<\/h3>\n\n\n\n<p>I november 2024 modtog jeg L\u00e6rerprofessionens pris som bevis p\u00e5, at jeg har skrevet landets n\u00e6stbedste diplomprojekt.<\/p>\n\n\n\n<p>Ydermere modtog jeg Fagbladet Folkeskolens formidlingspris for samme projekt.<\/p>\n\n\n\n<p>Projektet handler om undringsorienteret natur- og teknologiundervisning. Om  hvor vigtigt det er at l\u00e6re at undres og v\u00e6re nysgerrig &#8211; og hvilken brik det er i at skabe intrinsisk motivation.<\/p>\n\n\n\n<p>L\u00e6s om projektet <a href=\"https:\/\/www.folkeskolen.dk\/efteruddannelse-kobenhavns-professionshojskole-laererprofessiondk\/prisnomineret-vi-skal-bruge-elevers-undren-i-natur\/teknologi\/4783255\" data-type=\"link\" data-id=\"https:\/\/www.folkeskolen.dk\/efteruddannelse-kobenhavns-professionshojskole-laererprofessiondk\/prisnomineret-vi-skal-bruge-elevers-undren-i-natur\/teknologi\/4783255\">her<\/a><\/p>\n\n\n\n<figure class=\"wp-block-image aligncenter size-large is-resized\"><img loading=\"lazy\" decoding=\"async\" width=\"768\" height=\"1024\" src=\"https:\/\/mettehejn.dk\/wp-content\/uploads\/2024\/12\/Mig-1-768x1024.jpg\" alt=\"\" class=\"wp-image-243\" style=\"width:294px;height:auto\" srcset=\"https:\/\/mettehejn.dk\/wp-content\/uploads\/2024\/12\/Mig-1-768x1024.jpg 768w, https:\/\/mettehejn.dk\/wp-content\/uploads\/2024\/12\/Mig-1-225x300.jpg 225w, https:\/\/mettehejn.dk\/wp-content\/uploads\/2024\/12\/Mig-1.jpg 800w\" sizes=\"auto, (max-width: 768px) 100vw, 768px\" \/><\/figure>\n","protected":false},"excerpt":{"rendered":"<p>Hvis du vil lave et samarbejde, \u00f8nsker et inspirationsopl\u00e6g, en workshop eller et science-formidlings-show i din institution eller p\u00e5 din arbejdsplads &#8211; s\u00e5 kontakt mig endelig for et tilbud! Se eksempler p\u00e5 formidlings-show her \u00d8nsker du at booke mig til din arbejdsplads, s\u00e5 vil et opl\u00e6g altid indeholde handson-aktiviteter og lidt leg &#8211; alt andet [&hellip;]<\/p>\n","protected":false},"author":1,"featured_media":0,"parent":0,"menu_order":0,"comment_status":"closed","ping_status":"closed","template":"","meta":{"footnotes":""},"class_list":["post-205","page","type-page","status-publish","hentry"],"_links":{"self":[{"href":"https:\/\/mettehejn.dk\/index.php\/wp-json\/wp\/v2\/pages\/205","targetHints":{"allow":["GET"]}}],"collection":[{"href":"https:\/\/mettehejn.dk\/index.php\/wp-json\/wp\/v2\/pages"}],"about":[{"href":"https:\/\/mettehejn.dk\/index.php\/wp-json\/wp\/v2\/types\/page"}],"author":[{"embeddable":true,"href":"https:\/\/mettehejn.dk\/index.php\/wp-json\/wp\/v2\/users\/1"}],"replies":[{"embeddable":true,"href":"https:\/\/mettehejn.dk\/index.php\/wp-json\/wp\/v2\/comments?post=205"}],"version-history":[{"count":13,"href":"https:\/\/mettehejn.dk\/index.php\/wp-json\/wp\/v2\/pages\/205\/revisions"}],"predecessor-version":[{"id":247,"href":"https:\/\/mettehejn.dk\/index.php\/wp-json\/wp\/v2\/pages\/205\/revisions\/247"}],"wp:attachment":[{"href":"https:\/\/mettehejn.dk\/index.php\/wp-json\/wp\/v2\/media?parent=205"}],"curies":[{"name":"wp","href":"https:\/\/api.w.org\/{rel}","templated":true}]}}