{"id":207,"date":"2024-12-18T21:26:39","date_gmt":"2024-12-18T21:26:39","guid":{"rendered":"https:\/\/mettehejn.dk\/?page_id=207"},"modified":"2024-12-19T09:34:33","modified_gmt":"2024-12-19T09:34:33","slug":"eksempler-paa-workshops","status":"publish","type":"page","link":"https:\/\/mettehejn.dk\/index.php\/eksempler-paa-workshops\/","title":{"rendered":"Formidlings-shows"},"content":{"rendered":"\n<p>N\u00e5r jeg formidler til b\u00f8rn og unge, s\u00e5 \u00f8nsker jeg is\u00e6r at lade dem selv sanse og opleve. Derfor indeholde min formidling handson-aktiviteter, lege eller lignende, som b\u00f8rnene kan deltage i.<\/p>\n\n\n\n<p>F\u00f8lgende er eksempler p\u00e5, hvordan en beskrivelse til et show kunne v\u00e6re!<\/p>\n\n\n\n<p>Har du andre \u00f8nsker eller tanker, s\u00e5 kontakt mig endelig!<\/p>\n\n\n\n<div style=\"height:40px\" aria-hidden=\"true\" class=\"wp-block-spacer\"><\/div>\n\n\n\n<h3 class=\"wp-block-heading has-text-align-center\"><em>Oplev dine sanser p\u00e5 nye m\u00e5der!<\/em><\/h3>\n\n\n\n<p class=\"has-text-align-center\"><em>Har du nogensinde t\u00e6nkt over, hvordan dine sanser hj\u00e6lper dig med at opdage verden omkring dig? Kom og v\u00e6r med til et par sp\u00e6ndende timer, hvor vi leger, udforsker og l\u00e6rer om de fantastiske sanser, vi bruger hver eneste dag!<\/em><\/p>\n\n\n\n<p class=\"has-text-align-center\"><em>I l\u00f8bet af showet skal b\u00f8rnene:<br>\ud83d\udc43 <strong>Sk\u00e6rpe lugtesansen<\/strong> med sjove g\u00e6t-og-snif-udfordringer.<br>\ud83d\udc42 <strong>Teste deres h\u00f8relse<\/strong> med mysterielyde og lydeksperimenter.<br>\ud83d\udc4b <strong>Bruge f\u00f8lesansen<\/strong> til at l\u00f8se &#8220;f\u00f8l-i-m\u00f8rke&#8221;-g\u00e5der.<br>\ud83d\udc40 <strong>S\u00e6tte synssansen p\u00e5 pr\u00f8ve<\/strong> med optiske illusioner og hemmelige beskeder.<br>\ud83d\udc45 <strong>Smage p\u00e5 verden<\/strong> (med sjove og sikre smagspr\u00f8ver).<\/em><\/p>\n\n\n\n<div style=\"height:70px\" aria-hidden=\"true\" class=\"wp-block-spacer\"><\/div>\n\n\n\n<h3 class=\"wp-block-heading has-text-align-center\"><em>Oplev hjertet og lungerne i aktion!<\/em><\/h3>\n\n\n\n<p class=\"has-text-align-center\"><em>Hvordan pumper hjertet egentlig blodet rundt i kroppen? Og hvorfor sl\u00e5r det hurtigere, n\u00e5r vi l\u00f8ber? Kom og v\u00e6r med til en sjov og l\u00e6rerig eftermiddag, hvor vi dykker ned i kroppens kredsl\u00f8b \u2013 helt bogstaveligt!<\/em><\/p>\n\n\n\n<p class=\"has-text-align-center\"><em>I l\u00f8bet af showet skal b\u00f8rnene:<br>\u2764\ufe0f <strong>F\u00e5 pulsen op<\/strong> med sjove bev\u00e6gelsesaktiviteter.<br>\ud83e\ude78 <strong>Agerer blodlegemer<\/strong> og opleve, hvordan blodet transporterer ilt rundt i kroppen.<br>\ud83d\udc40 <strong>Unders\u00f8ge modeller<\/strong> af hjerte og lunger og f\u00e5 et kig p\u00e5, hvordan det hele h\u00e6nger sammen &#8211; og m\u00e5ske selv lave en model?<br>\ud83e\udde0 <strong>Se en hjerte-lungedissektion<\/strong> &#8211; og opleve, at virkeligheden ikke altid ser ud som p\u00e5 modeller.<\/em><\/p>\n\n\n\n<div style=\"height:70px\" aria-hidden=\"true\" class=\"wp-block-spacer\"><\/div>\n\n\n\n<h3 class=\"wp-block-heading has-text-align-center\"><em>Ildens historie \u2013 t\u00e6nd din egen flamme!<\/em><\/h3>\n\n\n\n<p class=\"has-text-align-center\"><em>Hvordan har mennesket brugt ild gennem historien? Og hvordan t\u00e6nder man egentlig et b\u00e5l? Kom og v\u00e6r  rundt om b\u00e5let, hvor vi g\u00e5r p\u00e5 opdagelse i ildens magi og l\u00e6rer, hvordan vi bruger den sikkert og effektivt.<\/em><\/p>\n\n\n\n<p class=\"has-text-align-center\"><em>B\u00f8rnene skal:<br>\ud83d\udd25 <strong>Pr\u00f8ve kr\u00e6fter med t\u00e6ndst\u00e5l<\/strong> og selv fors\u00f8ge at t\u00e6nde en ild.<br>\ud83d\udd25 <strong>L\u00e6re om b\u00e5ltyper<\/strong> og se, hvordan forskellige b\u00e5l bruges til madlavning, varme og hygge.<br>\ud83d\udd25 <strong>Bygge det perfekte b\u00e5l<\/strong> med gode tips og tricks til at f\u00e5 flammerne til at br\u00e6nde.<br>\ud83d\udd25 <strong>H\u00f8re sp\u00e6ndende historier<\/strong> om ildens betydning for mennesket gennem tiden.<\/em><\/p>\n\n\n\n<div style=\"height:70px\" aria-hidden=\"true\" class=\"wp-block-spacer\"><\/div>\n\n\n\n<h3 class=\"wp-block-heading has-text-align-center\"><em>Byg din egen raket \u2013 og f\u00e5 den til at flyve!<\/em><\/h3>\n\n\n\n<p class=\"has-text-align-center\"><em>Er du klar til at tage p\u00e5 en raketmission? Her skal vi bygge vores egne raketter og affyre dem! Undervejs l\u00e6rer vi om, hvordan raketter virker, og hvad der f\u00e5r dem til at flyve h\u00f8jt op mod himlen.<\/em><\/p>\n\n\n\n<p class=\"has-text-align-center\"><em>B\u00f8rnene skal:<br>\ud83d\ude80 <strong>Lege med sm\u00e5 raketfors\u00f8g<\/strong>, der viser, hvordan raketter fungerer.<br>\u2702\ufe0f <strong>Bygge deres egne raketter af papir<\/strong> med kreative designs og tilpasninger.<br>\ud83c\udfaf <strong>Affyre raketterne<\/strong> og se, hvis raket flyver l\u00e6ngst eller h\u00f8jest!<\/em><\/p>\n","protected":false},"excerpt":{"rendered":"<p>N\u00e5r jeg formidler til b\u00f8rn og unge, s\u00e5 \u00f8nsker jeg is\u00e6r at lade dem selv sanse og opleve. Derfor indeholde min formidling handson-aktiviteter, lege eller lignende, som b\u00f8rnene kan deltage i. F\u00f8lgende er eksempler p\u00e5, hvordan en beskrivelse til et show kunne v\u00e6re! Har du andre \u00f8nsker eller tanker, s\u00e5 kontakt mig endelig! Oplev dine [&hellip;]<\/p>\n","protected":false},"author":1,"featured_media":0,"parent":0,"menu_order":0,"comment_status":"closed","ping_status":"closed","template":"","meta":{"footnotes":""},"class_list":["post-207","page","type-page","status-publish","hentry"],"_links":{"self":[{"href":"https:\/\/mettehejn.dk\/index.php\/wp-json\/wp\/v2\/pages\/207","targetHints":{"allow":["GET"]}}],"collection":[{"href":"https:\/\/mettehejn.dk\/index.php\/wp-json\/wp\/v2\/pages"}],"about":[{"href":"https:\/\/mettehejn.dk\/index.php\/wp-json\/wp\/v2\/types\/page"}],"author":[{"embeddable":true,"href":"https:\/\/mettehejn.dk\/index.php\/wp-json\/wp\/v2\/users\/1"}],"replies":[{"embeddable":true,"href":"https:\/\/mettehejn.dk\/index.php\/wp-json\/wp\/v2\/comments?post=207"}],"version-history":[{"count":3,"href":"https:\/\/mettehejn.dk\/index.php\/wp-json\/wp\/v2\/pages\/207\/revisions"}],"predecessor-version":[{"id":235,"href":"https:\/\/mettehejn.dk\/index.php\/wp-json\/wp\/v2\/pages\/207\/revisions\/235"}],"wp:attachment":[{"href":"https:\/\/mettehejn.dk\/index.php\/wp-json\/wp\/v2\/media?parent=207"}],"curies":[{"name":"wp","href":"https:\/\/api.w.org\/{rel}","templated":true}]}}