{"id":53,"date":"2024-06-02T19:09:48","date_gmt":"2024-06-02T19:09:48","guid":{"rendered":"https:\/\/mettehejn.dk\/?page_id=53"},"modified":"2024-12-19T08:26:06","modified_gmt":"2024-12-19T08:26:06","slug":"undervisningsmateriale","status":"publish","type":"page","link":"https:\/\/mettehejn.dk\/index.php\/undervisningsmateriale\/","title":{"rendered":"Undervisningsmateriale"},"content":{"rendered":"\n<p>Herunder finder du forskelligt materiale. B\u00e5de noget jeg har udviklet i samarbejde med andre, men ogs\u00e5 noget jeg blot har lavet i mine egne klasser. Tag hvad du kan bruge og g\u00f8r det til dit eget &#8211; lige som du har lyst til.<\/p>\n\n\n\n<p>Jeg fors\u00f8ger at henvise til alle de gode steder, som jeg hapser ideer og sm\u00e5fors\u00f8g fra!<\/p>\n\n\n\n<p>Mind mig endelig om det, hvis jeg har glemt et link &#8211; eller tip mig, hvis du selv har noget interessant, som du t\u00e6nker jeg kunne bruge!<\/p>\n","protected":false},"excerpt":{"rendered":"<p>Herunder finder du forskelligt materiale. B\u00e5de noget jeg har udviklet i samarbejde med andre, men ogs\u00e5 noget jeg blot har lavet i mine egne klasser. Tag hvad du kan bruge og g\u00f8r det til dit eget &#8211; lige som du har lyst til. Jeg fors\u00f8ger at henvise til alle de gode steder, som jeg hapser [&hellip;]<\/p>\n","protected":false},"author":1,"featured_media":0,"parent":0,"menu_order":0,"comment_status":"closed","ping_status":"closed","template":"","meta":{"footnotes":""},"class_list":["post-53","page","type-page","status-publish","hentry"],"_links":{"self":[{"href":"https:\/\/mettehejn.dk\/index.php\/wp-json\/wp\/v2\/pages\/53","targetHints":{"allow":["GET"]}}],"collection":[{"href":"https:\/\/mettehejn.dk\/index.php\/wp-json\/wp\/v2\/pages"}],"about":[{"href":"https:\/\/mettehejn.dk\/index.php\/wp-json\/wp\/v2\/types\/page"}],"author":[{"embeddable":true,"href":"https:\/\/mettehejn.dk\/index.php\/wp-json\/wp\/v2\/users\/1"}],"replies":[{"embeddable":true,"href":"https:\/\/mettehejn.dk\/index.php\/wp-json\/wp\/v2\/comments?post=53"}],"version-history":[{"count":2,"href":"https:\/\/mettehejn.dk\/index.php\/wp-json\/wp\/v2\/pages\/53\/revisions"}],"predecessor-version":[{"id":214,"href":"https:\/\/mettehejn.dk\/index.php\/wp-json\/wp\/v2\/pages\/53\/revisions\/214"}],"wp:attachment":[{"href":"https:\/\/mettehejn.dk\/index.php\/wp-json\/wp\/v2\/media?parent=53"}],"curies":[{"name":"wp","href":"https:\/\/api.w.org\/{rel}","templated":true}]}}